{"id":6,"date":"2023-11-13T00:52:09","date_gmt":"2023-11-13T00:52:09","guid":{"rendered":"https:\/\/mixta.site\/?page_id=6"},"modified":"2025-03-31T12:24:03","modified_gmt":"2025-03-31T12:24:03","slug":"home","status":"publish","type":"page","link":"https:\/\/mixta.site\/","title":{"rendered":"Home"},"content":{"rendered":"\n<div class=\"wp-block-cover alignfull is-light\" style=\"min-height:720px\"><span aria-hidden=\"true\" class=\"wp-block-cover__background has-background-dim-100 has-background-dim has-background-gradient\" style=\"background:linear-gradient(35deg,rgb(6,0,151) 0%,rgb(130,4,255) 73%,rgb(193,15,255) 100%)\"><\/span><div class=\"wp-block-cover__inner-container is-layout-flow wp-block-cover-is-layout-flow\">\n<div class=\"inherit-container-width wp-block-group alignwide is-layout-constrained wp-block-group-is-layout-constrained\">\n<div class=\"wp-block-media-text alignwide has-media-on-the-right is-stacked-on-mobile is-vertically-aligned-center\" style=\"grid-template-columns:auto 43%\"><div class=\"wp-block-media-text__content\">\n<h1 class=\"wp-block-heading has-text-align-left has-white-color has-text-color\">Gr<em>o<\/em>w<em>t<\/em>h C<em>u<\/em>ltu<em>re<\/em><\/h1>\n\n\n\n<p>Mixta es una consultora y laboratorio de producci\u00f3n full-service que impulsa a marcas, profesionales y organizaciones a conectar de manera m\u00e1s vibrante con sus audiencias, fusionando media, tecnolog\u00eda y creatividad. Dise\u00f1amos infraestructura de marketing innovadora, junto con procesos y metodolog\u00edas estrat\u00e9gicas, combinando investigaci\u00f3n colaborativa, dise\u00f1o y visi\u00f3n de futuro. Un espacio donde la cultura, la tecnolog\u00eda contempor\u00e1nea y las ideas convergen para generar conexiones m\u00e1s din\u00e1micas y burbujeantes.<\/p>\n\n\n\n<p><\/p>\n\n\n\n<h3 class=\"wp-block-heading\"><strong>Opera de manera m\u00e1s eficiente e impulsa resultados comerciales poderosos.<\/strong><\/h3>\n\n\n\n<div class=\"wp-block-buttons is-layout-flex wp-block-buttons-is-layout-flex\">\n<div class=\"wp-block-button is-style-outline\"><a class=\"wp-block-button__link has-ast-global-color-8-color has-ast-global-color-5-background-color has-text-color has-background has-link-color has-border-color has-ast-global-color-8-border-color wp-element-button\" href=\"http:\/\/bit.ly\/holamixta\" style=\"border-width:1px\">Agenda tu sesi\u00f3n gratuita<\/a><\/div>\n<\/div>\n<\/div><figure class=\"wp-block-media-text__media\"><img decoding=\"async\" src=\"https:\/\/mixta.site\/wp-content\/themes\/astra\/inc\/assets\/images\/starter-content\/hero-img.svg\" alt=\"\" class=\"wp-image-118 size-full\"\/><\/figure><\/div>\n<\/div>\n<\/div><\/div>\n\n\n\n<div class=\"wp-block-group alignfull has-ast-global-color-5-background-color has-background is-layout-constrained wp-container-core-group-layout-2 wp-block-group-is-layout-constrained\" style=\"padding-bottom:0px\">\n<div class=\"wp-block-columns are-vertically-aligned-top is-layout-flex wp-container-core-columns-layout-1 wp-block-columns-is-layout-flex\">\n<div class=\"wp-block-column is-vertically-aligned-top is-layout-flow wp-container-core-column-layout-1 wp-block-column-is-layout-flow\">\n<figure class=\"wp-block-image size-large\"><img decoding=\"async\" src=\"https:\/\/mixta.site\/wp-content\/themes\/astra\/inc\/assets\/images\/starter-content\/building.svg\" alt=\"\" class=\"wp-image-134\"\/><\/figure>\n\n\n\n<h3 class=\"wp-block-heading has-text-align-left\" style=\"margin-top:16px\">So<em>c<\/em>ial<\/h3>\n\n\n\n<p class=\"has-text-align-left\">Nuestro enfoque consiste en inyectar emoci\u00f3n, significado y humanidad.<\/p>\n<\/div>\n\n\n\n<div class=\"wp-block-column is-vertically-aligned-top is-layout-flow wp-container-core-column-layout-2 wp-block-column-is-layout-flow\">\n<figure class=\"wp-block-image size-large\"><img decoding=\"async\" src=\"https:\/\/mixta.site\/wp-content\/themes\/astra\/inc\/assets\/images\/starter-content\/shopping-bag.svg\" alt=\"\" class=\"wp-image-135\"\/><\/figure>\n\n\n\n<h3 class=\"wp-block-heading has-text-align-left\" style=\"margin-top:16px\">Ejec<em>u<\/em>ci\u00f3n<\/h3>\n\n\n\n<p class=\"has-text-align-left\">Desarrollo y crecimento de marcas, historias, contenidos y experiencias conectadas, atractivas. <\/p>\n<\/div>\n\n\n\n<div class=\"wp-block-column is-vertically-aligned-top is-layout-flow wp-container-core-column-layout-3 wp-block-column-is-layout-flow\">\n<figure class=\"wp-block-image size-large\"><img decoding=\"async\" src=\"https:\/\/mixta.site\/wp-content\/themes\/astra\/inc\/assets\/images\/starter-content\/blog.svg\" alt=\"\" class=\"wp-image-136\"\/><\/figure>\n\n\n\n<h3 class=\"wp-block-heading has-text-align-left\" style=\"margin-top:16px\">Pur<em>p<\/em>ose<em>-l<\/em>ed<\/h3>\n\n\n\n<p class=\"has-text-align-left\">En torno al prop\u00f3sito de la empresa para sostener su  rentabilidad y dinamismo.<\/p>\n<\/div>\n\n\n\n<div class=\"wp-block-column is-vertically-aligned-top is-layout-flow wp-container-core-column-layout-4 wp-block-column-is-layout-flow\">\n<figure class=\"wp-block-image size-large\"><img decoding=\"async\" src=\"https:\/\/mixta.site\/wp-content\/themes\/astra\/inc\/assets\/images\/starter-content\/portfolio.svg\" alt=\"\" class=\"wp-image-137\"\/><\/figure>\n\n\n\n<h3 class=\"wp-block-heading has-text-align-left\" style=\"margin-top:16px\">Sec<em>to<\/em>res<\/h3>\n\n\n\n<p>TECNOLOG\u00cdA EMERGENTE, CINE, CULTURA, AI, HOSPITALITY, LIFESTYLE, <br>FASHION, <br>ECOMMERCE, <br>SOSTENIBILIDAD,  AUTOMOTIVE, M\u00c1S<\/p>\n<\/div>\n<\/div>\n<\/div>\n\n\n\n<div class=\"wp-block-group alignfull is-layout-constrained wp-container-core-group-layout-3 wp-block-group-is-layout-constrained\" id=\"services\" style=\"padding-top:144px;padding-bottom:0px\">\n<h2 class=\"wp-block-heading\"><em>S<\/em>kil<em>ls<\/em> &amp; <em>P<\/em>hil<em>o<\/em>sop<em>h<\/em>y<\/h2>\n\n\n\n<div class=\"wp-block-columns is-layout-flex wp-container-core-columns-layout-2 wp-block-columns-is-layout-flex\" style=\"margin-top:50px\">\n<div class=\"wp-block-column is-layout-flow wp-container-core-column-layout-5 wp-block-column-is-layout-flow\">\n<figure class=\"wp-block-image size-full\"><img decoding=\"async\" src=\"https:\/\/mixta.site\/wp-content\/themes\/astra\/inc\/assets\/images\/starter-content\/branding.jpg\" alt=\"\" class=\"wp-image-230\"\/><\/figure>\n\n\n\n<h3 class=\"wp-block-heading\" style=\"margin-top:16px\">O<em>m<\/em>nica<em>n<\/em>al<\/h3>\n\n\n\n<p>Es un proceso flexible, personalizado para cada contexto y situaci\u00f3n. Te  brindamos una estrategia cohesiva preparada para crear valor y retornos duraderos.<\/p>\n<\/div>\n\n\n\n<div class=\"wp-block-column is-layout-flow wp-container-core-column-layout-6 wp-block-column-is-layout-flow\">\n<figure class=\"wp-block-image size-full\"><img decoding=\"async\" src=\"https:\/\/mixta.site\/wp-content\/themes\/astra\/inc\/assets\/images\/starter-content\/graphic.jpg\" alt=\"\" class=\"wp-image-232\"\/><\/figure>\n\n\n\n<h3 class=\"wp-block-heading\" style=\"margin-top:16px\">Estr<em>a<\/em>tegia<\/h3>\n\n\n\n<p>Somos gente de negocios como tu. Iniciamos cada compromiso trabajando con tu equipo de liderazgo para comprender profundamente tus objetivos.<\/p>\n<\/div>\n\n\n\n<div class=\"wp-block-column is-layout-flow wp-container-core-column-layout-7 wp-block-column-is-layout-flow\">\n<figure class=\"wp-block-image size-full\"><img decoding=\"async\" src=\"https:\/\/mixta.site\/wp-content\/themes\/astra\/inc\/assets\/images\/starter-content\/web.jpg\" alt=\"\" class=\"wp-image-231\"\/><\/figure>\n\n\n\n<h3 class=\"wp-block-heading\" style=\"margin-top:16px\">Creci<em>m<\/em>iento<\/h3>\n\n\n\n<p>Todo comienza con los cambios que como profesional o empresa intentas realizar, tu estrategia y las aspiraciones de tu marca.<\/p>\n<\/div>\n<\/div>\n<\/div>\n\n\n\n<div class=\"wp-block-group alignfull has-ast-global-color-5-background-color has-background is-layout-constrained wp-container-core-group-layout-5 wp-block-group-is-layout-constrained\" id=\"about\" style=\"padding-top:143px;padding-bottom:144px\">\n<div class=\"wp-block-media-text has-media-on-the-right is-stacked-on-mobile is-vertically-aligned-center\"><div class=\"wp-block-media-text__content\">\n<div class=\"inherit-container-width wp-block-group is-layout-constrained wp-block-group-is-layout-constrained\" style=\"padding-right:80px\">\n<h2 class=\"wp-block-heading\" style=\"padding-right:40px\">Met<em>o<\/em>dolog\u00eda. <\/h2>\n\n\n\n<p>Creamos metodolog\u00edas innovadoras implementando estrategias colaborativas y sostenibles. Nuestro enfoque de posicionamiento est\u00e1 dise\u00f1ado para maximizar tu relevancia.<\/p>\n<\/div>\n<\/div><figure class=\"wp-block-media-text__media\"><img loading=\"lazy\" decoding=\"async\" width=\"1024\" height=\"683\" src=\"https:\/\/mixta.site\/wp-content\/uploads\/2023\/12\/vackground-com-uAvq7gFQecc-unsplash-1024x683.jpg\" alt=\"\" class=\"wp-image-158 size-full\" srcset=\"https:\/\/mixta.site\/wp-content\/uploads\/2023\/12\/vackground-com-uAvq7gFQecc-unsplash-1024x683.jpg 1024w, https:\/\/mixta.site\/wp-content\/uploads\/2023\/12\/vackground-com-uAvq7gFQecc-unsplash-300x200.jpg 300w, https:\/\/mixta.site\/wp-content\/uploads\/2023\/12\/vackground-com-uAvq7gFQecc-unsplash-768x512.jpg 768w, https:\/\/mixta.site\/wp-content\/uploads\/2023\/12\/vackground-com-uAvq7gFQecc-unsplash-1536x1024.jpg 1536w, https:\/\/mixta.site\/wp-content\/uploads\/2023\/12\/vackground-com-uAvq7gFQecc-unsplash-2048x1365.jpg 2048w\" sizes=\"(max-width: 1024px) 100vw, 1024px\" \/><\/figure><\/div>\n<\/div>\n\n\n\n<div class=\"wp-block-group alignfull has-ast-global-color-4-background-color has-background is-layout-constrained wp-container-core-group-layout-6 wp-block-group-is-layout-constrained\" id=\"reviews\">\n<figure class=\"wp-block-image aligncenter size-full\"><img decoding=\"async\" src=\"https:\/\/mixta.site\/wp-content\/themes\/astra\/inc\/assets\/images\/starter-content\/avatar.png\" alt=\"\" class=\"wp-image-235\"\/><\/figure>\n\n\n\n<p class=\"has-text-align-center\" style=\"font-size:22px;line-height:1.6\">\u201cInteligente, alegre, creatividad al m\u00e1ximo. Muy recomendable para profesionales o bien un equipo que necesita crecer o aumentar su ROI de manera org\u00e1nica y \u00e1gil.\u201d<\/p>\n\n\n\n<p class=\"has-text-align-center\"><strong>Mike, Mango <\/strong><\/p>\n<\/div>\n\n\n\n\n\n\n<div class=\"wp-block-group alignfull is-layout-constrained wp-container-core-group-layout-7 wp-block-group-is-layout-constrained\" id=\"whyus\" style=\"padding-top:144px;padding-bottom:144px\">\n<h2 class=\"wp-block-heading\">S<em>a<\/em>vvy. <em>Cr<\/em>eati<em>vi<\/em>dad. M<em>u<\/em>lti<em>c<\/em>ultural.<\/h2>\n\n\n\n<div class=\"wp-block-columns is-layout-flex wp-container-core-columns-layout-3 wp-block-columns-is-layout-flex\" style=\"margin-top:60px\">\n<div class=\"wp-block-column is-layout-flow wp-container-core-column-layout-8 wp-block-column-is-layout-flow\">\n<figure class=\"wp-block-image size-large\"><img decoding=\"async\" src=\"https:\/\/mixta.site\/wp-content\/themes\/astra\/inc\/assets\/images\/starter-content\/passionate.svg\" alt=\"\" class=\"wp-image-162\"\/><\/figure>\n\n\n\n<h3 class=\"wp-block-heading\" style=\"margin-top:16px\">M<em>u<\/em>cha <em>P<\/em>asi\u00f3n<\/h3>\n\n\n\n<p>Abordamos tus necesidades a trav\u00e9s de la estrategia, el posicionamiento, el desarrollo de categor\u00edas, la identidad y mas.<\/p>\n<\/div>\n\n\n\n<div class=\"wp-block-column is-layout-flow wp-container-core-column-layout-9 wp-block-column-is-layout-flow\">\n<figure class=\"wp-block-image size-large\"><img decoding=\"async\" src=\"https:\/\/mixta.site\/wp-content\/themes\/astra\/inc\/assets\/images\/starter-content\/professional.svg\" alt=\"\" class=\"wp-image-163\"\/><\/figure>\n\n\n\n<h3 class=\"wp-block-heading\" style=\"margin-top:16px\">Prof<em>e<\/em>sional<em>e<\/em>s<\/h3>\n\n\n\n<p>Liderar con prop\u00f3sito sienta las bases para una propuesta de valor resuena entre clientes existentes y los potenciales. <\/p>\n<\/div>\n\n\n\n<div class=\"wp-block-column is-layout-flow wp-container-core-column-layout-10 wp-block-column-is-layout-flow\">\n<figure class=\"wp-block-image size-large\"><img decoding=\"async\" src=\"https:\/\/mixta.site\/wp-content\/themes\/astra\/inc\/assets\/images\/starter-content\/support.svg\" alt=\"\" class=\"wp-image-164\"\/><\/figure>\n\n\n\n<h3 class=\"wp-block-heading\" style=\"margin-top:16px\">Sop<em>o<\/em>rte<\/h3>\n\n\n\n<p>Implementamos acciones colaborativas que identifican, articulan y alinean a tu grupo de liderazgo.<\/p>\n<\/div>\n<\/div>\n<\/div>\n\n\n\n<div class=\"wp-block-group alignfull has-background is-layout-constrained wp-container-core-group-layout-8 wp-block-group-is-layout-constrained\" id=\"contact\" style=\"background:linear-gradient(35deg,rgb(6,0,151) 0%,rgb(130,4,255) 64%,rgb(193,15,255) 98%);padding-top:104px;padding-bottom:104px\">\n<h2 class=\"wp-block-heading has-text-align-center has-text-color\" style=\"color:#ffffff\"><em>V<\/em>am<em>o<\/em>s a<em> c<\/em>rear a<em>l<\/em>go inno<em>v<\/em>ad<em>o<\/em>r \ud83d\ude42<\/h2>\n\n\n\n<div class=\"wp-block-buttons alignwide is-horizontal is-content-justification-center is-layout-flex wp-container-core-buttons-layout-2 wp-block-buttons-is-layout-flex\" style=\"margin-top:50px\">\n<div class=\"wp-block-button\"><a class=\"wp-block-button__link wp-element-button\" href=\"http:\/\/bit.ly\/holamixta\" target=\"_blank\" rel=\"noreferrer noopener\">HOLA MIXTA<\/a><\/div>\n<\/div>\n<\/div>\n","protected":false},"excerpt":{"rendered":"<p>Social Nuestro enfoque consiste en inyectar emoci\u00f3n, significado y humanidad. Ejecuci\u00f3n Desarrollo y crecimento de marcas, historias, contenidos y experiencias conectadas, atractivas. Purpose-led En torno al prop\u00f3sito de la empresa para sostener su rentabilidad y dinamismo. Sectores TECNOLOG\u00cdA EMERGENTE, CINE, CULTURA, AI, HOSPITALITY, LIFESTYLE, FASHION, ECOMMERCE, SOSTENIBILIDAD, AUTOMOTIVE, M\u00c1S Skills &amp; Philosophy Omnicanal Es un [&hellip;]<\/p>\n","protected":false},"author":1,"featured_media":0,"parent":0,"menu_order":0,"comment_status":"closed","ping_status":"closed","template":"","meta":{"site-sidebar-layout":"no-sidebar","site-content-layout":"plain-container","ast-site-content-layout":"","site-content-style":"default","site-sidebar-style":"default","ast-global-header-display":"","ast-banner-title-visibility":"","ast-main-header-display":"","ast-hfb-above-header-display":"","ast-hfb-below-header-display":"","ast-hfb-mobile-header-display":"","site-post-title":"disabled","ast-breadcrumbs-content":"","ast-featured-img":"","footer-sml-layout":"","theme-transparent-header-meta":"enabled","adv-header-id-meta":"","stick-header-meta":"","header-above-stick-meta":"","header-main-stick-meta":"","header-below-stick-meta":"","astra-migrate-meta-layouts":"default","ast-page-background-enabled":"default","ast-page-background-meta":{"desktop":{"background-color":"var(--ast-global-color-4)","background-image":"","background-repeat":"repeat","background-position":"center center","background-size":"auto","background-attachment":"scroll","background-type":"","background-media":"","overlay-type":"","overlay-color":"","overlay-gradient":""},"tablet":{"background-color":"","background-image":"","background-repeat":"repeat","background-position":"center center","background-size":"auto","background-attachment":"scroll","background-type":"","background-media":"","overlay-type":"","overlay-color":"","overlay-gradient":""},"mobile":{"background-color":"","background-image":"","background-repeat":"repeat","background-position":"center center","background-size":"auto","background-attachment":"scroll","background-type":"","background-media":"","overlay-type":"","overlay-color":"","overlay-gradient":""}},"ast-content-background-meta":{"desktop":{"background-color":"var(--ast-global-color-5)","background-image":"","background-repeat":"repeat","background-position":"center center","background-size":"auto","background-attachment":"scroll","background-type":"","background-media":"","overlay-type":"","overlay-color":"","overlay-gradient":""},"tablet":{"background-color":"var(--ast-global-color-5)","background-image":"","background-repeat":"repeat","background-position":"center center","background-size":"auto","background-attachment":"scroll","background-type":"","background-media":"","overlay-type":"","overlay-color":"","overlay-gradient":""},"mobile":{"background-color":"var(--ast-global-color-5)","background-image":"","background-repeat":"repeat","background-position":"center center","background-size":"auto","background-attachment":"scroll","background-type":"","background-media":"","overlay-type":"","overlay-color":"","overlay-gradient":""}},"footnotes":""},"_links":{"self":[{"href":"https:\/\/mixta.site\/index.php\/wp-json\/wp\/v2\/pages\/6"}],"collection":[{"href":"https:\/\/mixta.site\/index.php\/wp-json\/wp\/v2\/pages"}],"about":[{"href":"https:\/\/mixta.site\/index.php\/wp-json\/wp\/v2\/types\/page"}],"author":[{"embeddable":true,"href":"https:\/\/mixta.site\/index.php\/wp-json\/wp\/v2\/users\/1"}],"replies":[{"embeddable":true,"href":"https:\/\/mixta.site\/index.php\/wp-json\/wp\/v2\/comments?post=6"}],"version-history":[{"count":96,"href":"https:\/\/mixta.site\/index.php\/wp-json\/wp\/v2\/pages\/6\/revisions"}],"predecessor-version":[{"id":421,"href":"https:\/\/mixta.site\/index.php\/wp-json\/wp\/v2\/pages\/6\/revisions\/421"}],"wp:attachment":[{"href":"https:\/\/mixta.site\/index.php\/wp-json\/wp\/v2\/media?parent=6"}],"curies":[{"name":"wp","href":"https:\/\/api.w.org\/{rel}","templated":true}]}}